 divisor of 2193 and 301.
43
Calculate the greatest common factor of 44 and 2592.
4
What is the greatest common factor of 24 and 40?
8
What is the greatest common divisor of 264 and 37356?
132
Calculate the highest common factor of 560 and 980.
140
What is the highest common divisor of 584 and 73?
73
Calculate the greatest common factor of 54 and 66.
6
Calculate the highest common divisor of 1008 and 16.
16
What is the highest common divisor of 945 and 420?
105
Calculate the highest common factor of 150 and 10.
10
What is the greatest common divisor of 3 and 219?
3
What is the highest common factor of 1550 and 992?
62
Calculate the highest common factor of 192 and 20032.
64
Calculate the highest common factor of 2822 and 1162.
166
Calculate the greatest common divisor of 44 and 20.
4
What is the greatest common divisor of 25 and 1475?
25
Calculate the greatest common divisor of 154 and 6622.
154
Calculate the highest common factor of 16 and 10256.
16
Calculate the highest common divisor of 328 and 41.
41
Calculate the highest common factor of 99 and 279.
9
Calculate the greatest common factor of 21 and 77.
7
What is the greatest common divisor of 14 and 15442?
14
Calculate the greatest common divisor of 2272 and 288.
32
What is the greatest common divisor of 44 and 11?
11
What is the highest common divisor of 390 and 75?
15
Calculate the greatest common factor of 58 and 464.
58
What is the greatest common divisor of 1580 and 20?
20
Calculate the greatest common factor of 18 and 243.
9
Calculate the highest common divisor of 200 and 1900.
100
Calculate the highest common factor of 3072 and 36.
12
Calculate the highest common divisor of 912 and 48.
48
What is the highest common divisor of 240 and 885?
15
Calculate the highest common factor of 7 and 9352.
7
Calculate the highest common factor of 72 and 198.
18
What is the highest common divisor of 513 and 783?
27
What is the greatest common divisor of 198 and 2893?
11
What is the highest common factor of 621 and 27?
27
Calculate the greatest common divisor of 11 and 506.
11
What is the highest common divisor of 66 and 6402?
66
Calculate the greatest common divisor of 23484 and 38.
38
Calculate the greatest common factor of 5 and 12335.
5
Calculate the greatest common divisor of 29854 and 253.
253
Calculate the greatest common factor of 1204 and 28.
28
Calculate the greatest common divisor of 285 and 18.
3
Calculate the highest common factor of 77 and 1456.
7
What is the greatest common divisor of 238 and 14?
14
What is the greatest common divisor of 259 and 7363?
37
What is the highest common divisor of 10 and 90?
10
Calculate the greatest common divisor of 5243 and 214.
107
Calculate the highest common factor of 62 and 14198.
62
Calculate the greatest common divisor of 66 and 6666.
66
What is the greatest common divisor of 1232 and 16?
16
Calculate the greatest common divisor of 203 and 224.
7
What is the highest common factor of 729 and 45?
9
What is the greatest common divisor of 398 and 36019?
199
Calculate the highest common factor of 57 and 3.
3
What is the highest common factor of 1001 and 189?
7
Calculate the highest common factor of 298 and 8.
2
What is the highest common divisor of 30 and 45?
15
Calculate the highest common divisor of 264 and 99.
33
What is the greatest common divisor of 3 and 167?
1
Calculate the highest common divisor of 95 and 76.
19
What is the highest common factor of 81 and 4941?
81
Calculate the greatest common divisor of 35 and 532.
7
Calculate the highest common divisor of 6600 and 99.
33
Calculate the highest common factor of 594 and 1518.
66
Calculate the greatest common factor of 1284 and 24.
12
Calculate the highest common factor of 3 and 453.
3
Calculate the highest common divisor of 4200 and 225.
75
Calculate the greatest common divisor of 984 and 84.
12
What is the highest common factor of 48 and 552?
24
What is the highest common divisor of 318 and 6?
6
Calculate the highest common divisor of 34 and 986.
34
Calculate the highest common factor of 16315 and 502.
251
What is the greatest common divisor of 2997 and 37?
37
Calculate the highest common divisor of 162 and 108.
54
Calculate the highest common factor of 19 and 23351.
19
What is the greatest common factor of 675 and 27?
27
Calculate the highest common factor of 10128 and 48.
48
What is the highest common factor of 711 and 81?
9
Calculate the greatest common divisor of 104 and 156.
52
Calculate the highest common factor of 3773 and 98.
49
What is the greatest common factor of 391 and 115?
23
Calculate the greatest common divisor of 35 and 20.
5
Calculate the highest common factor of 928 and 58.
58
What is the highest common factor of 54 and 12582?
54
Calculate the highest common factor of 81 and 10071.
27
Calculate the highest common factor of 126 and 14434.
14
Calculate the highest common divisor of 2312 and 408.
136
What is the greatest common factor of 1863 and 27?
27
Calculate the greatest common divisor of 104 and 442.
26
What is the highest common factor of 442 and 52?
26
What is the greatest common divisor of 28 and 1057?
7
Calculate the highest common factor of 4532 and 88.
44
Calculate the greatest common divisor of 16609 and 34.
17
Calculate the highest common divisor of 400 and 50.
50
Calculate the highest common divisor of 35 and 55.
5
What is the greatest common factor of 516 and 36?
12
What is the highest common factor of 220 and 260?
20
What is the greatest common divisor of 1222 and 286?
26
What is the greatest common divisor of 55 and 385?
55
What is the greatest common divisor of 16611 and 147?
147
Calculate the highest common factor of 40 and 9010.
10
What is the greatest common divisor of 110 and 4070?
110
Calculate the greatest common factor of 325 and 22100.
325
Calculate the highest common divisor of 442 and 26.
26
What is the greatest common divisor of 1296 and 48?
48
Calculate the greatest common divisor of 5 and 8.
1
Calculate the greatest common divisor of 157 and 1.
1
Calculate the greatest common divisor of 99 and 18.
9
Calculate the greatest common factor of 4 and 148.
4
What is the greatest common divisor of 1128 and 108?
12
What is the highest common factor of 230 and 414?
46
What is the highest common factor of 31 and 2449?
31
Calculate the highest common factor of 590 and 30.
10
Calculate the highest common factor of 16 and 5648.
16
Calculate the highest common factor of 234 and 18.
18
Calculate the highest common divisor of 549 and 1403.
61
Calculate the highest common divisor of 325 and 50.
25
What is the greatest common factor of 30 and 1270?
10
What is the greatest common divisor of 102 and 170?
34
Calculate the highest common divisor of 39 and 6669.
39
Calculate the highest common divisor of 6 and 318.
6
Calculate the greatest common factor of 351 and 135.
27
What is the highest common factor of 2197 and 13?
13
What is the highest common factor of 455 and 26?
13
Calculate the greatest common divisor of 638 and 116.
58
Calculate the highest common divisor of 429 and 22.
11
What is the highest common factor of 5002 and 122?
122
What is the greatest common factor of 42 and 96?
6
What is the highest common divisor of 35901 and 9?
9
What is the highest common factor of 6119 and 29?
29
What is the greatest common factor of 120 and 2080?
40
What is the highest common factor of 46922 and 29?
29
What is the highest common factor of 1536 and 12?
12
What is the greatest common factor of 304 and 19?
19
What is the greatest common divisor of 31 and 1147?
31
Calculate the greatest common divisor of 1 and 149.
1
Calculate the greatest common divisor of 216 and 72.
72
Calculate the highest common divisor of 63 and 333.
9
What is the greatest common divisor of 43 and 387?
43
What is the greatest common divisor of 13893 and 33?
33
What is the greatest common factor of 14 and 158?
2
What is the highest common factor of 1442 and 98?
14
What is the greatest common divisor of 3 and 37?
1
What is the highest common divisor of 26 and 4082?
26
Calculate the highest common divisor of 252 and 28.
28
Calculate the greatest common divisor of 215 and 445.
5
What is the highest common factor of 44 and 209?
11
Calculate the greatest common factor of 891 and 33.
33
Calculate the greates